9
Calculate the highest common factor of 1064 and 98.
14
What is the highest common divisor of 198 and 88?
22
What is the greatest common divisor of 310 and 160?
10
Calculate the greatest common divisor of 10 and 3730.
10
What is the greatest common factor of 25 and 3050?
25
What is the highest common divisor of 136 and 8568?
136
Calculate the greatest common factor of 37 and 7363.
37
What is the highest common factor of 3339 and 2079?
63
What is the highest common divisor of 7471 and 31?
31
What is the greatest common factor of 508 and 4?
4
What is the greatest common factor of 43 and 602?
43
Calculate the greatest common divisor of 224 and 30408.
56
What is the greatest common factor of 50 and 1270?
10
What is the greatest common factor of 56 and 294?
14
What is the greatest common factor of 268 and 201?
67
Calculate the highest common factor of 2895 and 15.
15
What is the highest common divisor of 702 and 54?
54
What is the greatest common divisor of 4 and 17?
1
Calculate the greatest common factor of 3302 and 4826.
254
What is the highest common divisor of 112 and 1232?
112
What is the highest common divisor of 2185 and 690?
115
Calculate the highest common divisor of 200 and 80.
40
Calculate the greatest common factor of 190 and 180.
10
What is the highest common factor of 3412 and 4?
4
Calculate the greatest common divisor of 455 and 1085.
35
What is the greatest common divisor of 408 and 32?
8
Calculate the greatest common divisor of 936 and 351.
117
Calculate the greatest common factor of 43 and 8213.
43
Calculate the highest common divisor of 2565 and 1485.
135
Calculate the highest common factor of 19261 and 103.
103
Calculate the highest common divisor of 30 and 255.
15
What is the greatest common factor of 369 and 4920?
123
What is the greatest common divisor of 24 and 5028?
12
What is the greatest common factor of 110 and 2090?
110
Calculate the highest common factor of 54 and 54.
54
What is the greatest common divisor of 1520 and 260?
20
What is the greatest common factor of 40 and 1380?
20
What is the greatest common divisor of 270 and 3645?
135
Calculate the highest common divisor of 353 and 1.
1
What is the greatest common divisor of 58 and 261?
29
Calculate the greatest common divisor of 76 and 133.
19
What is the highest common factor of 66 and 8602?
22
Calculate the greatest common divisor of 530 and 110.
10
Calculate the greatest common divisor of 319 and 38599.
319
What is the greatest common divisor of 3848 and 88?
8
What is the highest common divisor of 1 and 16?
1
Calculate the highest common factor of 44 and 77.
11
What is the greatest common divisor of 42 and 1498?
14
Calculate the highest common divisor of 72 and 45.
9
What is the highest common divisor of 125 and 1?
1
Calculate the greatest common divisor of 28 and 406.
14
Calculate the highest common factor of 814 and 44.
22
Calculate the greatest common factor of 280 and 1050.
70
What is the greatest common divisor of 72 and 45?
9
Calculate the highest common factor of 735 and 435.
15
Calculate the greatest common divisor of 1575 and 175.
175
What is the highest common factor of 3277 and 113?
113
Calculate the highest common divisor of 3197 and 23.
23
Calculate the greatest common divisor of 126 and 11760.
42
What is the greatest common divisor of 79 and 9?
1
Calculate the greatest common factor of 87 and 1363.
29
Calculate the greatest common factor of 372 and 2697.
93
What is the greatest common divisor of 6 and 54?
6
What is the greatest common factor of 900 and 25?
25
What is the highest common divisor of 76 and 38?
38
What is the highest common divisor of 24 and 2328?
24
Calculate the highest common divisor of 9077 and 58.
29
What is the greatest common divisor of 800 and 25?
25
Calculate the greatest common divisor of 174 and 1334.
58
Calculate the highest common divisor of 27 and 153.
9
Calculate the highest common divisor of 3096 and 120.
24
What is the greatest common divisor of 516 and 645?
129
Calculate the highest common factor of 1 and 8.
1
Calculate the highest common factor of 12 and 6144.
12
Calculate the highest common factor of 1271 and 82.
41
What is the greatest common factor of 225 and 375?
75
What is the greatest common factor of 7455 and 63?
21
What is the highest common divisor of 390 and 240?
30
What is the highest common factor of 192 and 6?
6
Calculate the greatest common factor of 20 and 980.
20
Calculate the greatest common factor of 19252 and 4.
4
What is the highest common divisor of 68 and 12?
4
What is the greatest common divisor of 680 and 200?
40
Calculate the highest common factor of 22 and 6347.
11
Calculate the highest common divisor of 8 and 20.
4
Calculate the greatest common divisor of 29400 and 40.
40
Calculate the highest common divisor of 3283 and 67.
67
What is the greatest common divisor of 9 and 9981?
9
What is the highest common factor of 3003 and 924?
231
What is the highest common factor of 1 and 12?
1
What is the greatest common factor of 30 and 1290?
30
What is the highest common divisor of 11 and 1375?
11
Calculate the highest common divisor of 22104 and 9.
9
What is the highest common divisor of 56 and 8904?
56
Calculate the greatest common divisor of 142 and 6.
2
What is the highest common factor of 14028 and 24?
12
Calculate the highest common factor of 65 and 111085.
65
What is the greatest common factor of 20 and 6980?
20
What is the highest common divisor of 6 and 318?
6
What is the highest common factor of 820 and 697?
41
What is the greatest common divisor of 38 and 190?
38
What is the highest common factor of 57 and 988?
19
Calculate the highest common divisor of 13600 and 85.
85
What is the highest common divisor of 2145 and 39?
39
What is the greatest common factor of 6386 and 186?
62
What is the greatest common divisor of 2511 and 155?
31
Calculate the highest common divisor of 765 and 63.
9
What is the highest common factor of 3 and 15?
3
Calculate the greatest common divisor of 580 and 1580.
20
Calculate the greatest common factor of 48 and 176.
16
What is the greatest common divisor of 7116 and 12?
12
What is the highest common divisor of 3956 and 516?
172
What is the highest common divisor of 247 and 208?
13
What is the highest common divisor of 420 and 168?
84
Calculate the greatest common divisor of 40 and 48.
8
What is the highest common divisor of 51392 and 176?
176
Calculate the highest common factor of 60 and 90.
30
Calculate the highest common divisor of 192 and 12.
12
Calculate the greatest common factor of 540 and 54.
54
Calculate the highest common factor of 17 and 221.
17
Calculate the greatest common factor of 66 and 192.
6
Calculate the highest common divisor of 5001 and 3.
3
Calculate the highest common divisor of 178 and 3.
1
What is the greatest common factor of 10 and 370?
10
Calculate the greatest common factor of 51 and 459.
51
Calculate the greatest common divisor of 938 and 63.
7
Calculate the greatest common factor of 611 and 329.
47
What is the greatest common divisor of 17 and 1088?
17
Calculate the greatest common factor of 18 and 1182.
6
What is the highest common divisor of 44 and 2926?
22
What is the highest common factor of 1250 and 100?
50
What is the greatest common divisor of 301 and 63?
7
Calculate the greatest common divisor of 10758 and 1630.
326
What is the greatest common divisor of 4960 and 465?
155
What is the greatest common divisor of 125 and 3460?
5
What is the greatest common factor of 115 and 920?
115
What is the highest common divisor of 21 and 273?
21
What is the highest common factor of 42 and 105?
21
Calculate the greatest common divisor of 38 and 7144.
38
What is the highest common factor of 3 and 25?
1
Calculate the greatest common divisor of 123 and 63.
3
Calculate the highest common divisor of 91 and 4693.
13
What is the highest common factor of 7239 and 95?
19
What is the highest common factor of 28 and 574?
14
Calculate the greatest common factor of 4 and 5932.
4
What is the greatest common factor of 23838 and 348?
174
What is the greatest common divisor of 116 and 29?
29
Calculate the highest common divisor of 1935 and 63.
9
Calculate the highest common divisor of 2832 and 12.
12
Calculate the greatest common factor of 3 and 417.
3
Calc